at is the ten thousands digit of 969016?
6
What is the millions digit of 38957875?
8
What is the hundreds digit of 506088?
0
What is the millions digit of 8395808?
8
What is the units digit of 9305402?
2
What is the millions digit of 22613669?
2
What is the units digit of 644405?
5
What is the millions digit of 23459053?
3
What is the tens digit of 482600?
0
What is the hundreds digit of 38157?
1
What is the units digit of 16570670?
0
What is the hundreds digit of 26178776?
7
What is the ten thousands digit of 17678338?
7
What is the ten thousands digit of 349330?
4
What is the units digit of 1775783?
3
What is the tens digit of 7579424?
2
What is the hundred thousands digit of 3008016?
0
What is the ten thousands digit of 164083?
6
What is the thousands digit of 571797?
1
What is the hundreds digit of 5100183?
1
What is the millions digit of 4833585?
4
What is the hundreds digit of 242872?
8
What is the thousands digit of 8113117?
3
What is the thousands digit of 2728710?
8
What is the ten millions digit of 10791372?
1
What is the units digit of 195276?
6
What is the hundreds digit of 17714240?
2
What is the hundred thousands digit of 1022079?
0
What is the ten thousands digit of 51599?
5
What is the hundred thousands digit of 285487?
2
What is the hundreds digit of 21286737?
7
What is the tens digit of 264723?
2
What is the units digit of 13418489?
9
What is the hundreds digit of 26927?
9
What is the units digit of 163865?
5
What is the hundreds digit of 1950058?
0
What is the thousands digit of 114967?
4
What is the ten millions digit of 17544788?
1
What is the hundred thousands digit of 168946?
1
What is the ten thousands digit of 6253958?
5
What is the units digit of 84149?
9
What is the hundred thousands digit of 27040927?
0
What is the ten thousands digit of 47728?
4
What is the thousands digit of 139523?
9
What is the thousands digit of 22670?
2
What is the hundred thousands digit of 198006?
1
What is the thousands digit of 190121?
0
What is the units digit of 54928?
8
What is the tens digit of 435042?
4
What is the hundred thousands digit of 190324?
1
What is the hundred thousands digit of 190092?
1
What is the ten thousands digit of 30545?
3
What is the hundred thousands digit of 30277574?
2
What is the thousands digit of 109585?
9
What is the ten thousands digit of 18920250?
2
What is the hundred thousands digit of 1291887?
2
What is the units digit of 327759?
9
What is the units digit of 245126?
6
What is the ten thousands digit of 878002?
7
What is the tens digit of 298142?
4
What is the thousands digit of 6763589?
3
What is the millions digit of 1169541?
1
What is the units digit of 2103447?
7
What is the millions digit of 1258360?
1
What is the units digit of 2216681?
1
What is the units digit of 971729?
9
What is the units digit of 2142308?
8
What is the hundreds digit of 1391936?
9
What is the ten thousands digit of 5894913?
9
What is the tens digit of 527544?
4
What is the hundred thousands digit of 2656534?
6
What is the tens digit of 44488?
8
What is the units digit of 17539602?
2
What is the hundred thousands digit of 159976?
1
What is the ten thousands digit of 167118?
6
What is the units digit of 3143529?
9
What is the hundred thousands digit of 14118181?
1
What is the tens digit of 11884893?
9
What is the hundreds digit of 6374687?
6
What is the millions digit of 15099784?
5
What is the hundred thousands digit of 36679773?
6
What is the tens digit of 1030315?
1
What is the hundred thousands digit of 419172?
4
What is the units digit of 1320342?
2
What is the units digit of 2101536?
6
What is the hundreds digit of 26763921?
9
What is the hundreds digit of 282073?
0
What is the tens digit of 1211278?
7
What is the thousands digit of 102851?
2
What is the units digit of 3147005?
5
What is the hundreds digit of 111430?
4
What is the ten millions digit of 29207112?
2
What is the tens digit of 1917058?
5
What is the thousands digit of 619398?
9
What is the hundreds digit of 253458?
4
What is the tens digit of 73684?
8
What is the hundreds digit of 4040909?
9
What is the thousands digit of 3417410?
7
What is the tens digit of 58811?
1
What is the tens digit of 22796770?
7
What is the units digit of 5640927?
7
What is the tens digit of 13687135?
3
What is the hundred thousands digit of 5391891?
3
What is the units digit of 7607643?
3
What is the hundred thousands digit of 552877?
5
What is the hundreds digit of 6185996?
9
What is the ten thousands digit of 36781?
3
What is the ten thousands digit of 430074?
3
What is the ten thousands digit of 169776?
6
What is the hundreds digit of 708220?
2
What is the tens digit of 349871?
7
What is the tens digit of 320767?
6
What is the hundreds digit of 8366050?
0
What is the millions digit of 5091822?
5
What is the ten thousands digit of 333408?
3
What is the units digit of 11787?
7
What is the tens digit of 527792?
9
What is the ten thousands digit of 539145?
3
What is the thousands digit of 1725085?
5
What is the thousands digit of 1505814?
5
What is the units digit of 2674649?
9
What is the ten thousands digit of 3352505?
5
What is the tens digit of 3250876?
7
What is the thousands digit of 268996?
8
What is the ten thousands digit of 1808841?
0
What is the ten thousands digit of 133721?
3
What is the thousands digit of 24770392?
0
What is the millions digit of 2594084?
2
What is the hundred thousands digit of 1623180?
6
What is the millions digit of 7990889?
7
What is the hundred thousands digit of 2733110?
7
What is the units digit of 932137?
7
What is the hundred thousands digit of 2904625?
9
What is the ten millions digit of 26149692?
2
What is the tens digit of 22302?
0
What is the tens digit of 25474?
7
What is the hundreds digit of 546618?
6
What is the units digit of 150676?
6
What is the units digit of 3886176?
6
What is the hundred thousands digit of 2635505?
6
What is the ten thousands digit of 1608110?
0
What is the hundreds digit of 352824?
8
What is the tens digit of 233557?
5
What is the thousands digit of 8322667?
2
What is the units digit of 4729022?
2
What is the thousands digit of 743671?
3
What is the ten thousands digit of 241789?
4
What is the hundred thousands digit of 465503?
4
What is the ten thousands digit of 1040904?
4
What is the ten thousands digit of 1465322?
6
What is the tens digit of 6503312?
1
What is the tens digit of 9708?
0
What is the hundred thousands digit of 6870765?
8
What is the millions digit of 16699892?
6
What is the millions digit of 1339446?
1
What is the millions digit of 32284596?
2
What is the thousands digit of 2960405?
0
What is the ten thousands digit of 155870?
5
What is the hundred thousands digit of 2051919?
0
What is the hundreds digit of 2857448?
4
What is the tens digit of 4234014?
1
What is the hundreds digit of 755438?
4
What is the units digit of 848690?
0
What is the thousands digit of 162432?
2
What is the units digit of 1112395?
5
What is the thousands digit of 1677949?
7
What is the hundreds digit of 9800860?
8
What is the units digit of 17274467?
7
What is the thousands digit of 223504?
3
What is the hundreds digit of 2670276?
2
What is the ten thousands digit of 372019?
7
What is the thousands digit of 368545?
8
What is the hundred thousands digit of 111516?
1
What is the hundreds digit of 652887?
8
What is the units digit of 1815423?
3
What is the hundred thousands digit of 346941?
3
What is the millions digit of 2200878?
2
What is the ten thousands digit of 1109742?
0
What is the hundred thousands digit of 10150114?
1
What is the tens digit of 149966?
6
What is the hundred thousands digit of 658492?
6
What is the thousands digit of 15047068?
7
What is the ten thousands digit of 338681?
3
What is the tens digit of 350393?
9
What is the millions digit of 6832882?
6
What is the ten thousands digit of 6854399?
5
What is the hundreds digit of 15374?
3
What is the hundred thousands digit of 232393?
2
What is the thousands digit of 1087065?
7
What is the units digit of 356818?
8
What is the thousands digit of 645513?
5
What is the hundred thousands digit of 398666?
3
What is the ten thousands digit of 9920369?
2
What is the tens digit of 600990?
9
What is the thousands digit of 1128142?
8
What is the millions digit 